t is 2390a + 5?
23910
In base 9, what is -117 + -180?
-307
In base 5, what is -3 - 302134?
-302142
In base 8, what is 2 + -13020?
-13016
In base 2, what is 1 + 111101000000?
111101000001
In base 2, what is 0 + -10101101001101111010?
-10101101001101111010
In base 15, what is 1c6 - -d?
1d4
In base 16, what is -e3 - -15ff?
151c
In base 2, what is 10 - -10100011010111?
10100011011001
In base 8, what is -611 - -422?
-167
In base 7, what is 5 - -425260?
425265
In base 13, what is 196 - 138?
5b
In base 11, what is -5707 + -3?
-570a
In base 10, what is -3 + 939?
936
In base 4, what is 332 + 31303?
32301
In base 16, what is -b6dab - 1?
-b6dac
In base 5, what is 100311234 + 0?
100311234
In base 7, what is 352 - -230?
612
In base 9, what is 226434 - 2?
226432
In base 15, what is 7b8ce + -3?
7b8cb
In base 8, what is -2432 + 511?
-1721
In base 4, what is 113 - 2120011?
-2113232
In base 13, what is 9 - 1342a?
-13421
In base 2, what is -101110111001111 - -101?
-101110111001010
In base 5, what is -14 + -14031222?
-14031241
In base 14, what is 20 - 1a7?
-187
In base 9, what is 7776 + -13?
7763
In base 14, what is 21371 - -3?
21374
In base 5, what is -12 + -231400?
-231412
In base 2, what is -1 - 100111100100011?
-100111100100100
In base 8, what is -364 - -161?
-203
In base 12, what is 2b2 + 70?
362
In base 11, what is -6 - 1445a?
-14465
In base 3, what is 200101021200 + 1?
200101021201
In base 3, what is -20 + 11011211?
11011121
In base 11, what is 0 - -31489?
31489
In base 6, what is -22 - 324?
-350
In base 10, what is -61588 - -10?
-61578
In base 14, what is 14d2b - -2?
14d2d
In base 4, what is -231322 - 1333?
-233321
In base 9, what is 64640 - 1?
64638
In base 2, what is -1001 + 100000110000?
100000100111
In base 12, what is 9 + -27351?
-27344
In base 14, what is 343 + -ac?
275
In base 13, what is 4b614 + -2?
4b612
In base 7, what is -11 - -104613?
104602
In base 3, what is -21002 + 10122002?
10101000
In base 14, what is 3233b + 4?
32341
In base 10, what is 605 - 566?
39
In base 9, what is -21883 - -3?
-21880
In base 16, what is -18 - abd?
-ad5
In base 8, what is -10 - -132621?
132611
In base 2, what is 110100101010 + -10111001?
110001110001
In base 5, what is 101213 + 131?
101344
In base 10, what is 14 - -280183?
280197
In base 7, what is 0 + -4304316?
-4304316
In base 3, what is -1221221 + -222002?
-2221000
In base 15, what is -3d - 401?
-43e
In base 14, what is 2 + 48d74?
48d76
In base 10, what is -728 + -34?
-762
In base 11, what is -1 + -9678?
-9679
In base 15, what is -1cbb3 + -5?
-1cbb8
In base 10, what is -58612 - 2?
-58614
In base 14, what is -39 - a5c?
-a97
In base 7, what is -20634 + 5?
-20626
In base 6, what is -20244 - -14?
-20230
In base 5, what is 10 - 24011?
-24001
In base 8, what is 70 - -6123?
6213
In base 14, what is 3 + 2acc4?
2acc7
In base 2, what is 100101 + -1010011001?
-1001110100
In base 3, what is 11111100 - 1002?
11110021
In base 9, what is -35 + -455?
-501
In base 11, what is 4 + 71794?
71798
In base 3, what is 102220102200 + -12?
102220102111
In base 3, what is -12020210110 + 20?
-12020210020
In base 15, what is -3998b + -5?
-39991
In base 7, what is -13621 + -22?
-13643
In base 8, what is 5351 - -26?
5377
In base 5, what is 10 - 243412?
-243402
In base 9, what is -4000 - 1?
-4001
In base 13, what is 2943 - bb?
2855
In base 14, what is 9a92d + -1?
9a92c
In base 13, what is -b - 7283?
-7291
In base 3, what is -12201220 + 1220?
-12200000
In base 12, what is 0 - -825a3?
825a3
In base 16, what is e049 + 1?
e04a
In base 12, what is -3 + -12396?
-12399
In base 2, what is 101100110101001011 - -1000?
101100110101010011
In base 5, what is 11 + 122431?
122442
In base 16, what is -15e4 + 4c?
-1598
In base 7, what is -50000 + -10?
-50010
In base 3, what is -110221 + 210?
-110011
In base 5, what is -3 - -21102302?
21102244
In base 4, what is -21 + 212321022?
212321001
In base 2, what is -100 - 10110111000011001?
-10110111000011101
In base 7, what is -66565 - 116?
-100014
In base 5, what is 3011421 + 24?
3012000
In base 15, what is 7bd5c - 3?
7bd59
In base 11, what is 5 + 18290?
18295
In base 7, what is -2221 - 366?
-2620
In base 15, what is -712 - 9?
-71b
In base 9, what is 251024 + -30?
250884
In base 12, what is 3b0bb + 13?
3b112
In base 5, what is 11314 + 130?
11444
In base 15, what is 15 - -7a?
90
In base 7, what is -6566 + -450?
-10346
In base 4, what is 1321 - 0?
1321
In base 9, what is -3 + 1387?
1384
In base 16, what is -2cd1 + -8?
-2cd9
In base 5, what is 1100402 - 1?
1100401
In base 15, what is -b5 + -1398?
-145d
In base 4, what is 1010010312 - 1?
1010010311
In base 11, what is -1a - -156758?
156739
In base 6, what is 3241213 + 4?
3241221
In base 9, what is -80 + -1738?
-1828
In base 2, what is -111001111100100110 - 101?
-111001111100101011
In base 11, what is 23 + 1054?
1077
In base 4, what is 330021 - -33100?
1023121
In base 13, what is -18 - -8228?
8210
In base 4, what is -100 - 100103?
-100203
In base 12, what is 9164 - a?
9156
In base 4, what is -1000222 - -310?
-333312
In base 12, what is 2085 - 7?
207a
In base 14, what is -9c5 + -1?
-9c6
In base 14, what is da4 + 22?
dc6
In base 11, what is 10 - 1501?
-14a1
In base 8, what is -15357 - 0?
-15357
In base 5, what is 2 - 10440?
-10433
In base 15, what is 0 - 1bc97?
-1bc97
In base 10, what is 43 + -207?
-164
In base 13, what is -13 - bc5?
-c08
In base 14, what is 78 - 17324?
-1728a
In base 6, what is 1321 - -1020?
2341
In base 4, what is -323023 + -101?
-323130
In base 2, what is -1111011 + 101001101?
11010010
In base 9, what is 217 + 1160?
1377
In base 6, what is 3 - -234331?
234334
In base 7, what is -4 - -3014463?
3014456
In base 13, what is -3c9 - -320?
-a9
In base 7, what is 5 - 262250?
-262242
In base 9, what is 48 - 2746?
-2687
In base 11, what is -28 + 1110?
1093
In base 3, what is 1 + 221022112101?
221022112102
In base 2, what is 1000001 - -100011101011110?
100011110011111
In base 13, what is -8 + 670c?
6704
In base 8, what is 5256701 - 1?
5256700
In base 9, what is -61545 + 0?
-61545
In base 14, what is 4 - -4965?
4969
In base 12, what is -1bbb + -299?
-2298
In base 11, what is -3a9 - 182?
-580
In base 11, what is 9 + 72109?
72117
In base 3, what is -20202 + -22002?
-112211
In base 12, what is 548 + 2b9?
845
In base 4, what is 1022031212 + 11?
1022031223
In base 8, what is 466 - -246?
734
In base 11, what is 496820 + 4?
496824
In base 13, what is 27 + -6909?
-68b2
In base 11, what is -5 - 8373?
-8378
In base 13, what is -3 - -20a32?
20a2c
In base 16, what is -1e2 + -63?
-245
In base 3, what is -12 - 1121021002?
-1121021021
In base 8, what is -212334 + 0?
-212334
In base 8, what is 4 + 2367346?
2367352
In base 12, what is -3235 - -12?
-3223
In base 4, what is -111311302 + 20?
-111311222
In base 14, what is 4766b - 0?
4766b
In base 9, what is -41112 + 5?
-41106
In base 15, what is 4 + -11602?
-115ed
In base 4, what is -1012100 - 103?
-1012203
In base 15, what is 12cd - -21?
12ee
In base 3, what is 10021 + 21210100?
21220121
In base 9, what is 2283685 - 3?
2283682
In base 7, what is -16665024 + -3?
-16665030
In base 3, what is -1120200 - 120122?
-2011022
In base 12, what is 1442 - -28?
146a
In base 12, what is 0 - -7bb6?
7bb6
In base 12, what is -511 + -b1?
-602
In base 11, what is 4 - 6041?
-6038
In base 11, what is -219a - 295?
-2484
In base 2, what is -11 + 10001100100?
10001100001
In base 11, what is -1a + 1a839?
1a81a
In base 13, what is 44435 + -1?
44434
In base 7, what is 44633 + -2?
44631
In base 10, what is -89471 - -3?
-89468
In base 10, what is -58 - 4632?
-4690
In base 3, what is 12 + -101000112?
-101000100
In base 7, what is 3002602 + -1?
3002601
In base 7, what is -22 - 41455?
-41510
In base 10, what is 5 - -9975?
9980
In base 9, what is 75182 + 26?
75218
In base 2, what is 11010011101111001 + 100?
11010011101111101
In base 13, what is 1 - 15c7?
-15c6
In base 15, what is 5 - -7d58?
7d5d
In base 10, what is -1 + 1751?
1750
In base 8, what is -112321 - 1?
-112322
In base 5, what is -1 + -2104414?
-2104420
In base 4, what is 22 + 100301300?
100301322
In base 8, what is -50 + 1537?
1467
In base 14, what is -1030 - -3?
-102b
In base 15, what is -1d45 - 14b?
-1e91
In base 5, what is 1122 + 224000?
230122
In base 4, what is 220211 + 22103?
302320
In base 8, wha